- 4*h + 78691 = -12*v. Is v a prime number?
False
Let g(l) = l**2 - 2*l**2 - l - 7*l + 9. Let n be g(-9). Suppose n = -21*o + 18*o + 537. Is o a composite number?
False
Let u = -3 - -5. Suppose -2*z - 1504 = k, u*z + 2*k - 3*k = -1504. Let b = z - -1059. Is b composite?
False
Let i(h) = -1. Let n(r) = -4*r**2 + 3*r + 2. Let c(b) = -6*i(b) - n(b). Let u be c(-4). Suppose u + 63 = t. Is t a composite number?
True
Is -3*(-17562)/9*11/22 prime?
True
Let a(u) = -u**3 + 76*u**2 + 57*u + 121. Is a(60) prime?
True
Let y = 963 + 944. Is y prime?
True
Let v(j) be the second derivative of j**5/20 - 11*j**4/12 + 7*j**3/6 - 5*j. Let g be v(7). Let l = g - -292. Is l prime?
False
Suppose -52*g + 2483102 = -411166. Is g composite?
True
Let a be (28/10)/(3/15). Let h be 35/a*(-6)/(-5). Suppose 5*o = -20, 8*o + 1182 = 2*r + h*o. Is r a prime number?
False
Let q(h) = -27 + 2*h + 79 + 14 + 23. Suppose 2*n = -2*t + 6, -3*t - 5*n = 1 - 16. Is q(t) composite?
False
Let j = -41 - -44. Suppose l + 5*f - 46 = 0, -4*l + 2*l = -j*f - 27. Is l a prime number?
False
Suppose -3*j = -0*j - 15. Let b = j + -10. Let c(p) = -5*p - 3. Is c(b) a composite number?
True
Let n = -343 - -854. Suppose 0 = -2*d - 41 + n. Is d prime?
False
Suppose 5*l + 22 + 3 = 0, 3*l = 4*k - 6643. Is k a composite number?
False
Suppose y = -4*y + 100. Let k = -1771 + 1776. Is (1972/16)/(k/y) a composite number?
True
Let y(x) = -x + 24 - 15 - 10. Let i be y(-6). Suppose -4*v + 2*r - 9 = -307, -i = -r. Is v prime?
False
Let c(l) = 65*l**2 + 37*l - 79. Is c(-26) prime?
True
Is 445598/14 - (-112)/196 a prime number?
False
Let i = -14 + -54. Let j = 127 + i. Is j a prime number?
True
Suppose -2*w + 0*w = -8. Suppose -246 = -10*m - 196. Suppose -5*f + 2415 = m*c, 4*f + 1896 = w*c - f. Is c prime?
True
Let l be ((-12)/8)/((-2)/4). Let z be l/3*(6 + -1). Suppose -4*b + z*t + 812 + 138 = 0, b = 2*t + 239. Is b prime?
False
Let k(w) = -w + 3. Let v be k(6). Let x(y) be the second derivative of 5*y**4/12 + 5*y**3/6 + 2*y**2 - 23*y. Is x(v) composite?
True
Is 5/(-1 - -2) + (6214 - -78) a prime number?
False
Let s = 63022 + -27655. Is s a prime number?
False
Suppose 2171 = 3*a - 193. Let n = a + -309. Is n a composite number?
False
Let y be (2/(-4))/(3/(-132)). Let f be 1*2*(-3 - y). Let d = f - -307. Is d prime?
True
Let f be -2 - 1/(2/(1 + -5)). Suppose 0 = -f*l + 2*l + 2*n - 642, -n = 5*l - 1597. Is l composite?
True
Suppose -34465 = -5*u + 5*t, -27602 = u - 5*u - 2*t. Is u a prime number?
False
Suppose h - 12 = -2*q, 5*h + 3*q + 3 = 63. Let c = h + -10. Suppose c*m - m - 409 = 0. Is m a prime number?
True
Let s be (45/(-6))/((-18)/24). Let g(r) = 31*r + 207 - 203 + s*r. Is g(3) a prime number?
True
Let w(y) = -36*y + 37. Let k be w(-7). Suppose 4*r - f = -3*f + 1228, -r + k = 5*f. Is r a prime number?
False
Let x = 3012 - -73733. Is x prime?
False
Let f(i) = 968*i**3 - i**2 + 2*i - 2. Suppose -27*x + 25*x = -2. Is f(x) composite?
False
Suppose -4*y + 44 = 120. Let r(c) = -c**2 - 26*c + 26. Is r(y) a composite number?
True
Let c(y) = -7*y**3. Let a be c(1). Let h(r) = 8*r**2 + 2 - 249*r + 243*r - 2 + r**3. Is h(a) a prime number?
False
Let h be -3 - (-38)/4*24. Let g = 98 + 261. Let v = g - h. Is v prime?
False
Let l = 17184 + -8817. Is l a composite number?
True
Let s(q) = -157*q**3 + q**2 - q - 3. Let r be (-5 + 5)/4 - 2. Is s(r) prime?
True
Suppose 909*v + 18021 = 912*v. Is v a prime number?
True
Let f = -13 - -17. Suppose f*m - 101 = 495. Is m a prime number?
True
Let k(c) = -c**2 - 6*c - 6. Let j be k(-1). Is -2 - ((4 - 3640) + j) composite?
True
Suppose 0 = -4*w + 14 - 2. Suppose -536 + 1748 = 3*u + w*t, 5*u - 2065 = 4*t. Is u composite?
False
Let m = 21 + -14. Suppose v = -m + 5. Is 94 - 3*(1 + v) prime?
True
Let o(b) = 12*b**2 - 9*b + 115. Is o(-22) a prime number?
True
Let i(o) = o**3 - o - 2. Let c be i(-2). Let s(m) = m**2 - m + 11. Is s(c) a prime number?
True
Suppose 3*m = 3, 2*s - 2*m = -2*s - 1910. Let y = -104 - s. Is y prime?
True
Suppose -4*q + 20376 = -25116. Is ((-1)/(-3))/(17/q) a composite number?
False
Let f(d) = -d**3 - 11*d**2 - d - 12. Let h be f(-11). Is (-92)/16*(167/h + 3) prime?
False
Suppose -d - 9 = -0*d. Let z be (-2)/(-4) + d/18. Suppose 0 = 5*a - 5, 311 = -z*p + 4*p + 3*a. Is p prime?
False
Suppose 3*h + 7 = t, t - 4*h + 4 = 3*t. Is 1511*(t/(-1) - -5) a composite number?
False
Suppose 3*o - 60*f = -58*f + 52133, -86883 = -5*o - 2*f. Is o prime?
True
Let j(n) = -27*n**3 - 3*n**2 + 5*n + 7. Let q(u) = u - 3. Let g be q(0). Is j(g) prime?
False
Let d = -1026 - -1969. Is d a composite number?
True
Let j = 176 - -1638. Suppose -5*z = -3*z - j. Is z composite?
False
Let u = -1359 + 3838. Is u composite?
True
Suppose -x = g - 2, -g + 4*x + 12 = -0*g. Suppose -g*p + 2*p + 6721 = 5*j, j - 1349 = -2*p. Is j prime?
False
Let c = 811 + 205. Is ((-119)/28)/((4/(-2))/c) composite?
True
Let s(i) = -27*i**3 + 4*i**2 - 10*i - 32. Is s(-15) prime?
True
Let h be ((-78)/4 - 0)*2. Let o(r) = 29*r**2 - 2*r - 7. Let s be o(3). Let b = s + h. Is b prime?
False
Let h be 3/9*(-3 - -12). Suppose -x = -h*d + 7*d - 427, -3*x + d + 1255 = 0. Is x a prime number?
True
Is 0 - 1 - (-11444)/2 a composite number?
True
Let w = 8365 - 3099. Is w a composite number?
True
Let n be 30/(-40) - (10187/(-4) + -1). Suppose -4*u + n = 3*z - u, 3*z - 5*u = 2579. Is z prime?
True
Let v = -93 + 98. Suppose -v*y + 0*c = 2*c - 5899, 4721 = 4*y + c. Is y a composite number?
False
Let s(x) = x**3 - 5*x**2 - 14*x + 1. Let a be s(7). Is a*11068/8*2 a composite number?
False
Let h be (1*2)/(2/3). Suppose 0 = 2*q - 3*c - 15, -2*q + 22 = -5*c + 1. Suppose -q*i + 37 = h*x - i, 5*x + i - 57 = 0. Is x composite?
False
Let l = 2 + -2. Suppose 1646 = 4*i - 2*s, l*i + i = 4*s + 401. Suppose -2*d - 99 = -i. Is d composite?
False
Let h(g) be the second derivative of 5*g**3 + 13*g**2/2 + 13*g. Is h(7) a composite number?
False
Let w(i) = 7 + i + 15*i**2 - 8*i - 4*i**2 + i**3 + 2*i. Is w(-10) a composite number?
False
Let k(a) be the first derivative of 17*a**2 + 4*a - 8. Let m be k(5). Suppose -5*w = -7*w + m. Is w a prime number?
False
Is 2 + (1242970/30 - 8/(-12)) composite?
True
Suppose 13*p - 9*p = 632. Let d = 499 - p. Is d a composite number?
True
Suppose -20*u + 68989 = n - 22*u, 4*n - 2*u = 275968. Is n composite?
False
Let a = -2402 + 7429. Is a prime?
False
Let w = 876 - -1. Is w a composite number?
False
Is (-51467 + 1)*((-9)/(-18))/(-1) a prime number?
True
Suppose -2*u + 15 = 3*m, -2*m - 3*m - u + 25 = 0. Suppose m*s - 1836 = -4*s. Suppose 0 = f - 131 - s. Is f a prime number?
False
Suppose 4*c = 17*c - 157859. Is c a prime number?
True
Is 193010/30 - (-2)/(-3) prime?
False
Let r be 6/2 + 0 + -1. Suppose -4*l = -r*l + 44. Is -5*(-1 + 0 + l) a prime number?
False
Suppose -4*u = -5*m - 162673, -2*u - m = -4*u + 81335. Is u composite?
True
Suppose 0 = -27*a - 97568 + 543041. Is a a composite number?
True
Suppose -5*y + 2*a = -17, -4*y + 3*a = -y - 3. Let x = y - 7. Is (x + 3 - -67) + -1 a composite number?
False
Suppose 3*d + 5*q - 19782 = 0, 4*d + 2*q - 26387 = -q. Is d a prime number?
True
Let r = -5963 + 8422. Is r a composite number?
False
Suppose 7*t - 7146 = -11*t. Is t a composite number?
False
Let s be 276/(-3) - (-20)/5. Let n = 1 - s. Is n a prime number?
True
Suppose -2 = -2*t + 4*z, 1 = -5*z + 6. Let m be (-1 - t)/(-4) + 3. Suppose i - 2*l = 243, -m*l + 0*l + 16 = 0. Is i composite?
False
Suppose -14*v - 6*v + 146980 = 0. Is v prime?
True
Is -3 - 2 - (-2 - 0) - -62 a composite number?
False
Let q(o) = 2*o - 19. Let k be q(13). Let x = 7 - k. Suppose 0 = c - x*c - 163. Is c composite?
False
Suppose 5*k = r + 50030, 0 = -4*k - 4*r + 2159 + 37889. Is k composite?
False
Is (3 - (-457012)/14) + (-6)/(-21) prime?
True
Let d(n) = -5*n**2 + 4*n - 5. Let q(i) = 11*i**2 - 9*i + 11. Let j(k) = 13*d(k) + 6*q(k). Let u be j(5). Suppose -5*b + 128 = 3*f, u + 5 = b - 4*f. Is b prime?
False
Let c = -299 + 1869. Suppose -4*x = -c - 18. Is x a composite number?
False
Is (-2 - -51333) + 40 + -42 composite?
False
Suppose -4*h = 4, 2*h - 33 = -4*z + 489. Let v = z - -24. Suppose 0*y - 3*y = c - v, -3*y = -c + 143. Is c composite?
False
Let r(i) = 2172*i + 17. Is r(3) composite?
True
Let n be -2*(-5 - -4) + -1. Is 1548/2 - 3/n a compos